he remainder when 30574 is divided by 297.
280
What is the remainder when 760 is divided by 680?
80
Calculate the remainder when 104692 is divided by 478.
10
Calculate the remainder when 560695 is divided by 525.
520
Calculate the remainder when 13611 is divided by 6779.
53
Calculate the remainder when 4863 is divided by 2325.
213
Calculate the remainder when 9694 is divided by 835.
509
Calculate the remainder when 5027 is divided by 495.
77
What is the remainder when 6457 is divided by 6430?
27
Calculate the remainder when 2487 is divided by 1227.
33
Calculate the remainder when 362175 is divided by 1111.
1100
Calculate the remainder when 10353 is divided by 114.
93
Calculate the remainder when 2615 is divided by 847.
74
Calculate the remainder when 55391 is divided by 27688.
15
Calculate the remainder when 1150221 is divided by 1078.
1073
Calculate the remainder when 2108 is divided by 529.
521
What is the remainder when 205578 is divided by 68512?
42
Calculate the remainder when 915856 is divided by 915841.
15
Calculate the remainder when 7897 is divided by 435.
67
Calculate the remainder when 4931 is divided by 1214.
75
Calculate the remainder when 1459 is divided by 718.
23
Calculate the remainder when 499389 is divided by 306.
303
What is the remainder when 153414 is divided by 209?
8
Calculate the remainder when 2019 is divided by 460.
179
Calculate the remainder when 29787 is divided by 133.
128
What is the remainder when 3479089 is divided by 21?
19
What is the remainder when 1723473 is divided by 325?
323
What is the remainder when 4660033 is divided by 54?
49
Calculate the remainder when 42833 is divided by 57.
26
What is the remainder when 223526 is divided by 86?
12
What is the remainder when 50255 is divided by 50146?
109
Calculate the remainder when 1861273 is divided by 575.
573
Calculate the remainder when 1643 is divided by 321.
38
Calculate the remainder when 9170 is divided by 166.
40
What is the remainder when 3592 is divided by 8?
0
What is the remainder when 990 is divided by 91?
80
Calculate the remainder when 42900 is divided by 8572.
40
What is the remainder when 7293 is divided by 1583?
961
What is the remainder when 8929 is divided by 1474?
85
Calculate the remainder when 258039 is divided by 512.
503
Calculate the remainder when 1025 is divided by 251.
21
What is the remainder when 4799094 is divided by 159?
156
Calculate the remainder when 718 is divided by 213.
79
What is the remainder when 58790 is divided by 246?
242
What is the remainder when 31801 is divided by 407?
55
What is the remainder when 5555 is divided by 2776?
3
Calculate the remainder when 1600 is divided by 118.
66
What is the remainder when 118061 is divided by 47?
44
Calculate the remainder when 1498 is divided by 370.
18
Calculate the remainder when 1313 is divided by 609.
95
Calculate the remainder when 6015 is divided by 1211.
1171
Calculate the remainder when 1187689 is divided by 18.
13
What is the remainder when 381 is divided by 314?
67
What is the remainder when 17849 is divided by 32?
25
What is the remainder when 7010 is divided by 180?
170
Calculate the remainder when 23553 is divided by 124.
117
Calculate the remainder when 29802 is divided by 5925.
177
What is the remainder when 5782 is divided by 32?
22
What is the remainder when 100434 is divided by 53?
52
Calculate the remainder when 684928 is divided by 47.
44
What is the remainder when 162159 is divided by 33?
30
Calculate the remainder when 3033253 is divided by 367.
365
Calculate the remainder when 39133 is divided by 3010.
3
What is the remainder when 41897 is divided by 5983?
16
Calculate the remainder when 4999 is divided by 4709.
290
Calculate the remainder when 540801 is divided by 1446.
1443
What is the remainder when 9623 is divided by 806?
757
Calculate the remainder when 9420 is divided by 248.
244
What is the remainder when 30190 is divided by 74?
72
What is the remainder when 30803 is divided by 4392?
59
Calculate the remainder when 359214 is divided by 69.
0
What is the remainder when 9770 is divided by 1219?
18
What is the remainder when 3633 is divided by 3?
0
What is the remainder when 387 is divided by 140?
107
What is the remainder when 275701 is divided by 16?
5
What is the remainder when 62188 is divided by 368?
364
What is the remainder when 446244 is divided by 44?
40
Calculate the remainder when 7498 is divided by 3734.
30
What is the remainder when 369877 is divided by 92464?
21
What is the remainder when 773072 is divided by 502?
494
What is the remainder when 14626 is divided by 2355?
496
What is the remainder when 17089 is divided by 17066?
23
Calculate the remainder when 3006 is divided by 1151.
704
What is the remainder when 285382 is divided by 517?
515
What is the remainder when 7041 is divided by 83?
69
What is the remainder when 80409 is divided by 185?
119
What is the remainder when 1835 is divided by 1408?
427
Calculate the remainder when 25571 is divided by 124.
27
Calculate the remainder when 304611 is divided by 1430.
21
What is the remainder when 20861 is divided by 37?
30
Calculate the remainder when 115664 is divided by 167.
100
What is the remainder when 3220 is divided by 136?
92
What is the remainder when 9895 is divided by 129?
91
Calculate the remainder when 15016 is divided by 302.
218
What is the remainder when 5859 is divided by 1348?
467
What is the remainder when 149457 is divided by 29880?
57
Calculate the remainder when 641 is divided by 278.
85
What is the remainder when 3201 is divided by 557?
416
What is the remainder when 96698 is divided by 32?
26
Calculate the remainder when 28314 is divided by 1011.
6
Calculate the remainder when 285814 is divided by 54.
46
What is the remainder when 2869478 is divided by 40?
38
What is the remainder when 73630 is divided by 125?
5
What is the remainder when 52735 is divided by 256?
255
Calculate the remainder when 17172 is divided by 249.
240
What is the remainder when 632 is divided by 534?
98
Calculate the remainder when 8951 is divided by 689.
683
What is the remainder when 247955 is divided by 94?
77
Calculate the remainder when 96251 is divided by 9.
5
Calculate the remainder when 70207 is divided by 836.
819
Calculate the remainder when 38095 is divided by 8.
7
What is the remainder when 48608 is divided by 151?
137
What is the remainder when 5387 is divided by 5379?
8
Calculate the remainder when 556550 is divided by 584.
582
What is the remainder when 223969 is divided by 20?
9
Calculate the remainder when 3410 is divided by 226.
20
Calculate the remainder when 50420 is divided by 132.
128
What is the remainder when 2184 is divided by 274?
266
What is the remainder when 239039 is divided by 126?
17
Calculate the remainder when 72978 is divided by 1655.
158
What is the remainder when 75932 is divided by 39?
38
What is the remainder when 163826 is divided by 81905?
16
What is the remainder when 2361 is divided by 40?
1
What is the remainder when 4882 is divided by 2425?
32
What is the remainder when 12407 is divided by 11?
10
What is the remainder when 3135 is divided by 875?
510
Calculate the remainder when 3982 is divided by 1665.
652
Calculate the remainder when 515 is divided by 57.
2
Calculate the remainder when 2894834 is divided by 170284.
6
What is the remainder when 3509 is divided by 108?
53
What is the remainder when 261070 is divided by 65259?
34
What is the remainder when 187882 is divided by 306?
304
What is the remainder when 98615 is divided by 21?
20
Calculate the remainder when 28966 is divided by 41.
20
Calculate the remainder when 11236 is divided by 5502.
232
Calculate the remainder when 52282 is divided by 490.
342
What is the remainder when 1028712 is divided by 171451?
6
Calculate the remainder when 3569 is divided by 59.
29
Calculate the remainder when 78617 is divided by 53.
18
What is the remainder when 1218421 is divided by 881?
879
What is the remainder when 30939 is divided by 5?
4
What is the remainder when 17136 is divided by 92?
24
What is the remainder when 713826 is divided by 190?
186
Calculate the remainder when 9142 is divided by 3012.
106
What is the remainder when 9104 is divided by 307?
201
Calculate the remainder when 210953 is div